{"id":8921,"date":"2025-10-15T19:17:42","date_gmt":"2025-10-15T18:17:42","guid":{"rendered":"https:\/\/thecomptoir.com\/fr\/?post_type=product&#038;p=8921"},"modified":"2026-08-26T12:38:01","modified_gmt":"2026-08-26T11:38:01","slug":"atelier-de-broderie-sur-photo-papier-make-it-club-toulouse-27-09","status":"publish","type":"product","link":"https:\/\/thecomptoir.com\/fr\/produit\/atelier-de-broderie-sur-photo-papier-make-it-club-toulouse-27-09\/","title":{"rendered":"Atelier de broderie sur photo papier \u2013 Make it Club (Toulouse) &#8211; 27\/09"},"content":{"rendered":"<p>Je vous donne RDV le <strong>dimanche 27 septembre de 10h00 \u00e0 12h30<\/strong> pour un atelier de broderie sur photo papier. Cet atelier est accessible pour tout le monde, peu importe votre niveau. Que vous ayez d\u00e9j\u00e0 r\u00e9aliser de grands projets de broderie ou que vous n\u2019ayez jamais touch\u00e9 une aiguille, je suis l\u00e0 pour m\u2019adapter \u00e0 votre niveau. Aucun pr\u00e9requis n\u2019est n\u00e9cessaire.<\/p>\n<p>Vous n\u2019avez rien d\u2019autre \u00e0 apporter que votre bonne humeur, je m\u2019occupe du reste !<\/p>\n<p>Si jamais vous d\u00e9sirez broder une de vos photos personnelles, n\u2019h\u00e9sitez pas \u00e0 me contacter pour que je puisse pr\u00e9parer \u00e7a pour l\u2019atelier.<\/p>\n<p>&nbsp;<\/p>\n<p><strong>Quand ?<\/strong> 27\/09\/26, de 10h00 \u00e0 12h30<\/p>\n<p><strong>O\u00f9 ?<\/strong> au Make it Club \u2013 Metro Fran\u00e7ois Verdier<\/p>\n","protected":false},"excerpt":{"rendered":"<p>Je vous donne RDV le dimanche 27 septembre de 10h00 \u00e0 12h30 pour un atelier de broderie sur photo papier. Cet atelier est accessible pour tout le monde, peu importe [&hellip;]<\/p>\n","protected":false},"featured_media":7222,"comment_status":"open","ping_status":"closed","template":"","meta":{"jetpack_publicize_message":"","jetpack_publicize_feature_enabled":true,"jetpack_social_post_already_shared":true,"jetpack_social_options":{"image_generator_settings":{"template":"highway","default_image_id":0,"font":"","enabled":false},"version":2}},"product_brand":[],"product_cat":[1643],"product_tag":[1540,601,1647,1632],"class_list":["post-8921","product","type-product","status-publish","has-post-thumbnail","product_cat-atelier","product_tag-atelier","product_tag-broderie","product_tag-broderie-sur-photo","product_tag-toulouse","first","instock","shipping-taxable","purchasable","product-type-simple"],"jetpack_publicize_connections":[],"jetpack_sharing_enabled":true,"_links":{"self":[{"href":"https:\/\/thecomptoir.com\/fr\/wp-json\/wp\/v2\/product\/8921","targetHints":{"allow":["GET"]}}],"collection":[{"href":"https:\/\/thecomptoir.com\/fr\/wp-json\/wp\/v2\/product"}],"about":[{"href":"https:\/\/thecomptoir.com\/fr\/wp-json\/wp\/v2\/types\/product"}],"replies":[{"embeddable":true,"href":"https:\/\/thecomptoir.com\/fr\/wp-json\/wp\/v2\/comments?post=8921"}],"wp:featuredmedia":[{"embeddable":true,"href":"https:\/\/thecomptoir.com\/fr\/wp-json\/wp\/v2\/media\/7222"}],"wp:attachment":[{"href":"https:\/\/thecomptoir.com\/fr\/wp-json\/wp\/v2\/media?parent=8921"}],"wp:term":[{"taxonomy":"product_brand","embeddable":true,"href":"https:\/\/thecomptoir.com\/fr\/wp-json\/wp\/v2\/product_brand?post=8921"},{"taxonomy":"product_cat","embeddable":true,"href":"https:\/\/thecomptoir.com\/fr\/wp-json\/wp\/v2\/product_cat?post=8921"},{"taxonomy":"product_tag","embeddable":true,"href":"https:\/\/thecomptoir.com\/fr\/wp-json\/wp\/v2\/product_tag?post=8921"}],"curies":[{"name":"wp","href":"https:\/\/api.w.org\/{rel}","templated":true}]}}

<p>Je vous donne RDV le <strong>dimanche 27 septembre de 10h00 à 12h30</strong> pour un atelier de broderie sur photo papier. Cet atelier est accessible pour tout le monde, peu importe votre niveau. Que vous ayez déjà réaliser de grands projets de broderie ou que vous n’ayez jamais touché une aiguille, je suis là pour m’adapter à votre niveau. Aucun prérequis n’est nécessaire.</p>
<p>Vous n’avez rien d’autre à apporter que votre bonne humeur, je m’occupe du reste !</p>
<p>Si jamais vous désirez broder une de vos photos personnelles, n’hésitez pas à me contacter pour que je puisse préparer ça pour l’atelier.</p>
<p>&nbsp;</p>
<p><strong>Quand ?</strong> 27/09/26, de 10h00 à 12h30</p>
<p><strong>Où ?</strong> au Make it Club – Metro François Verdier</p>

<p>Je vous donne RDV le dimanche 27 septembre de 10h00 à 12h30 pour un atelier de broderie sur photo papier. Cet atelier est accessible pour tout le monde, peu importe [&hellip;]</p>
